s the remainder when 3086 is divided by 436?
34
Calculate the remainder when 16523 is divided by 54.
53
Calculate the remainder when 151196 is divided by 24.
20
Calculate the remainder when 4282 is divided by 2097.
88
What is the remainder when 275954 is divided by 616?
602
Calculate the remainder when 854 is divided by 540.
314
Calculate the remainder when 28964 is divided by 6.
2
Calculate the remainder when 909326 is divided by 101035.
11
What is the remainder when 2392 is divided by 987?
418
What is the remainder when 413 is divided by 285?
128
Calculate the remainder when 41670 is divided by 10355.
250
What is the remainder when 6523 is divided by 815?
3
What is the remainder when 8799 is divided by 34?
27
Calculate the remainder when 5298 is divided by 1054.
28
Calculate the remainder when 2895 is divided by 1228.
439
What is the remainder when 96540 is divided by 298?
286
What is the remainder when 73448 is divided by 85?
8
What is the remainder when 923 is divided by 16?
11
Calculate the remainder when 53976 is divided by 137.
135
What is the remainder when 44830 is divided by 8964?
10
Calculate the remainder when 2293508 is divided by 22.
8
Calculate the remainder when 3930 is divided by 785.
5
What is the remainder when 36773 is divided by 18334?
105
Calculate the remainder when 311305 is divided by 103762.
19
Calculate the remainder when 5702 is divided by 1896.
14
What is the remainder when 41188 is divided by 1369?
118
Calculate the remainder when 421 is divided by 3.
1
What is the remainder when 33154 is divided by 333?
187
Calculate the remainder when 3752 is divided by 105.
77
What is the remainder when 40762 is divided by 129?
127
What is the remainder when 18874 is divided by 385?
9
What is the remainder when 54650 is divided by 4?
2
Calculate the remainder when 416 is divided by 55.
31
Calculate the remainder when 3446448 is divided by 43.
41
Calculate the remainder when 3125 is divided by 447.
443
What is the remainder when 8119 is divided by 4015?
89
Calculate the remainder when 15492 is divided by 7742.
8
What is the remainder when 113312 is divided by 48?
32
What is the remainder when 2710 is divided by 225?
10
What is the remainder when 4967 is divided by 275?
17
What is the remainder when 214 is divided by 52?
6
What is the remainder when 384357 is divided by 20?
17
What is the remainder when 6935 is divided by 529?
58
Calculate the remainder when 3247970 is divided by 52.
50
What is the remainder when 42542 is divided by 179?
119
What is the remainder when 46405 is divided by 580?
5
Calculate the remainder when 14132 is divided by 81.
38
What is the remainder when 4739 is divided by 4701?
38
Calculate the remainder when 260 is divided by 103.
54
Calculate the remainder when 4355 is divided by 904.
739
Calculate the remainder when 39696 is divided by 26.
20
Calculate the remainder when 2897 is divided by 1221.
455
Calculate the remainder when 4841 is divided by 2222.
397
What is the remainder when 73720 is divided by 73716?
4
Calculate the remainder when 374 is divided by 60.
14
Calculate the remainder when 240991 is divided by 16.
15
What is the remainder when 3925 is divided by 151?
150
What is the remainder when 1315787 is divided by 27?
23
Calculate the remainder when 157262 is divided by 493.
488
Calculate the remainder when 60298 is divided by 19983.
349
What is the remainder when 4985 is divided by 251?
216
Calculate the remainder when 1033 is divided by 124.
41
Calculate the remainder when 684 is divided by 465.
219
What is the remainder when 95913 is divided by 70?
13
Calculate the remainder when 5055 is divided by 29.
9
What is the remainder when 2918 is divided by 365?
363
Calculate the remainder when 974 is divided by 58.
46
Calculate the remainder when 8485 is divided by 708.
697
Calculate the remainder when 6245 is divided by 115.
35
What is the remainder when 14322 is divided by 454?
248
Calculate the remainder when 6390 is divided by 1065.
0
Calculate the remainder when 51806 is divided by 330.
326
What is the remainder when 16088 is divided by 1607?
18
Calculate the remainder when 594018 is divided by 13.
9
Calculate the remainder when 897 is divided by 134.
93
Calculate the remainder when 77196 is divided by 80.
76
Calculate the remainder when 5768 is divided by 801.
161
What is the remainder when 97 is divided by 69?
28
What is the remainder when 23072 is divided by 23?
3
What is the remainder when 1493 is divided by 264?
173
Calculate the remainder when 1709 is divided by 203.
85
Calculate the remainder when 23572 is divided by 1960.
52
Calculate the remainder when 26362 is divided by 432.
10
Calculate the remainder when 744 is divided by 119.
30
What is the remainder when 48988 is divided by 3766?
30
What is the remainder when 1107 is divided by 21?
15
What is the remainder when 1437 is divided by 1416?
21
Calculate the remainder when 103167 is divided by 22.
9
Calculate the remainder when 70129 is divided by 17521.
45
What is the remainder when 8645 is divided by 83?
13
Calculate the remainder when 7854 is divided by 7582.
272
What is the remainder when 72788 is divided by 83?
80
Calculate the remainder when 55867 is divided by 38.
7
What is the remainder when 1338775 is divided by 142?
141
What is the remainder when 552549 is divided by 1285?
1284
Calculate the remainder when 3049 is divided by 740.
89
What is the remainder when 73031 is divided by 716?
715
What is the remainder when 85778 is divided by 69?
11
Calculate the remainder when 602 is divided by 292.
18
What is the remainder when 1132 is divided by 534?
64
What is the remainder when 64477 is divided by 581?
567
Calculate the remainder when 4636 is divided by 1032.
508
What is the remainder when 1074799 is divided by 20?
19
What is the remainder when 23480 is divided by 56?
16
Calculate the remainder when 1029247 is divided by 1462.
1461
What is the remainder when 15371 is divided by 92?
7
Calculate the remainder when 1133 is divided by 74.
23
What is the remainder when 2242 is divided by 144?
82
Calculate the remainder when 1504 is divided by 163.
37
What is the remainder when 275562 is divided by 188?
142
What is the remainder when 1160 is divided by 224?
40
What is the remainder when 7878 is divided by 1540?
178
Calculate the remainder when 12551 is divided by 484.
451
Calculate the remainder when 1254243 is divided by 6.
3
What is the remainder when 446679 is divided by 1366?
1363
Calculate the remainder when 43180 is divided by 14.
4
What is the remainder when 18055 is divided by 6003?
46
Calculate the remainder when 4437 is divided by 30.
27
What is the remainder when 1676530 is divided by 33?
31
Calculate the remainder when 77183 is divided by 536.
535
What is the remainder when 4114 is divided by 3906?
208
What is the remainder when 90936 is divided by 3636?
36
What is the remainder when 21750 is divided by 12?
6
Calculate the remainder when 1845 is divided by 154.
151
Calculate the remainder when 27638 is divided by 20.
18
Calculate the remainder when 94956 is divided by 172.
12
Calculate the remainder when 789 is divided by 779.
10
What is the remainder when 744 is divided by 36?
24
What is the remainder when 19273 is divided by 54?
49
Calculate the remainder when 4409 is divided by 1391.
236
Calculate the remainder when 4342 is divided by 523.
158
What is the remainder when 2318620 is divided by 616?
612
What is the remainder when 9683 is divided by 9628?
55
Calculate the remainder when 13190 is divided by 2270.
1840
What is the remainder when 6052 is divided by 1023?
937
Calculate the remainder when 7821 is divided by 1117.
2
Calculate the remainder when 1474 is divided by 19.
11
Calculate the remainder when 80374 is divided by 56.
14
Calculate the remainder when 2949 is divided by 8.
5
Calculate the remainder when 1254 is divided by 391.
81
What is the remainder when 2599 is divided by 623?
107
Calculate the remainder when 17229 is divided by 82.
9
What is the remainder when 6887 is divided by 2891?
1105
Calculate the remainder when 10391 is divided by 45.
41
Calculate the remainder when 7400 is divided by 151.
1
What is the remainder when 1932 is divided by 1927?
5
What is the remainder when 18481 is divided by 545?
4